{"id":7,"date":"2021-08-25T13:27:42","date_gmt":"2021-08-25T16:27:42","guid":{"rendered":"https:\/\/pruebas.museodelamemoria.cl\/epistolario_2021\/?page_id=7"},"modified":"2021-09-22T12:06:47","modified_gmt":"2021-09-22T15:06:47","slug":"acerca-del-proyecto","status":"publish","type":"page","link":"https:\/\/epistolariodelamemoria.cl\/2021\/acerca-del-proyecto\/","title":{"rendered":"Acerca del Proyecto"},"content":{"rendered":"\n<p>A\u00f1o 2021. La pandemia no cede y la precarizaci\u00f3n social se profundiza y se hace visible cada d\u00eda m\u00e1s. La posibilidad de una nueva Constituci\u00f3n es la esperanza de que las voces de la diversidad y de la paridad se hagan presentes. La fuerza feminista se instala y se posiciona con fuerza en nuestro tejido social.<\/p>\n\n\n\n<p>A 48 a\u00f1os del Golpe Militar, invitamos a conmemorar, honrar y evocar especialmente a las mujeres v\u00edctimas de la dictadura, desaparecidas o ejecutadas pol\u00edticas. Se trata de un ejercicio de memoria que busca construir\u00a0 una genealog\u00eda femenina distinta y diversa a partir de cartas escritas por hijas, nietas, sobrinas, cu\u00f1adas, hermanas, amigas y compa\u00f1eras que homenajean a las que no est\u00e1n y cuyas historias, de alguna manera, tambi\u00e9n han estado ausentes.<\/p>\n\n\n\n<p>\u201cMujeres escriben a mujeres\u201d es el lema de este homenaje epistolar. Este 11 de septiembre hemos reunido 27 cartas destinadas a 19 v\u00edctimas, que recuerdan a estas mujeres que ya no est\u00e1n presentes entre nosotras, cuyas historias personales vuelven a vivir en este espacio virtual denominado <strong>\u201cEpistolaria de la Memoria 2021\u201d.<\/strong><\/p>\n\n\n\n<p>Con estas escrituras, la Red de Actrices de Chile, creadoras, dramaturgas, directoras, actrices de todo Chile, en un trabajo colectivo y sensible, crearon 28 relatos audiovisuales que tendr\u00e1n como principal protagonista las palabras plasmadas en la ep\u00edstola, su temperatura, su ausencia y su significado simb\u00f3lico; la recuperaci\u00f3n y permanencia de la memoria. Las cartas son ahora peque\u00f1os mundos audiovisuales cargados de poes\u00eda, en los cuales participan actrices de diferentes edades, corporalidades y territorios, construyendo un puente entre las memorias intergeneracionales.<\/p>\n\n\n\n<p>Tal como en la versi\u00f3n 2020 de Epistolario de la Memoria, una plataforma virtual alojar\u00e1 estas \u201ccartas vivas\u201d y una puesta en escena digital invitar\u00e1 a las personas de todo el mundo a conocer estos relatos personales.<\/p>\n\n\n\n<p>La invitaci\u00f3n est\u00e1 hecha: construyamos una <strong>\u201cEpistolaria de la memoria\u201d,<\/strong> un tributo a las mujeres que no vamos a olvidar.<\/p>\n","protected":false},"excerpt":{"rendered":"<p>A\u00f1o 2021. La pandemia no cede y la precarizaci\u00f3n social se profundiza y se hace visible cada d\u00eda m\u00e1s. La posibilidad de una nueva Constituci\u00f3n es la esperanza de que [&hellip;]<\/p>\n","protected":false},"author":1,"featured_media":0,"parent":0,"menu_order":0,"comment_status":"closed","ping_status":"closed","template":"","meta":{"footnotes":""},"class_list":["post-7","page","type-page","status-publish","hentry"],"_links":{"self":[{"href":"https:\/\/epistolariodelamemoria.cl\/2021\/wp-json\/wp\/v2\/pages\/7","targetHints":{"allow":["GET"]}}],"collection":[{"href":"https:\/\/epistolariodelamemoria.cl\/2021\/wp-json\/wp\/v2\/pages"}],"about":[{"href":"https:\/\/epistolariodelamemoria.cl\/2021\/wp-json\/wp\/v2\/types\/page"}],"author":[{"embeddable":true,"href":"https:\/\/epistolariodelamemoria.cl\/2021\/wp-json\/wp\/v2\/users\/1"}],"replies":[{"embeddable":true,"href":"https:\/\/epistolariodelamemoria.cl\/2021\/wp-json\/wp\/v2\/comments?post=7"}],"version-history":[{"count":6,"href":"https:\/\/epistolariodelamemoria.cl\/2021\/wp-json\/wp\/v2\/pages\/7\/revisions"}],"predecessor-version":[{"id":971,"href":"https:\/\/epistolariodelamemoria.cl\/2021\/wp-json\/wp\/v2\/pages\/7\/revisions\/971"}],"wp:attachment":[{"href":"https:\/\/epistolariodelamemoria.cl\/2021\/wp-json\/wp\/v2\/media?parent=7"}],"curies":[{"name":"wp","href":"https:\/\/api.w.org\/{rel}","templated":true}]}}

<p>Año 2021. La pandemia no cede y la precarización social se profundiza y se hace visible cada día más. La posibilidad de una nueva Constitución es la esperanza de que las voces de la diversidad y de la paridad se hagan presentes. La fuerza feminista se instala y se posiciona con fuerza en nuestro tejido social.</p>



<p>A 48 años del Golpe Militar, invitamos a conmemorar, honrar y evocar especialmente a las mujeres víctimas de la dictadura, desaparecidas o ejecutadas políticas. Se trata de un ejercicio de memoria que busca construir  una genealogía femenina distinta y diversa a partir de cartas escritas por hijas, nietas, sobrinas, cuñadas, hermanas, amigas y compañeras que homenajean a las que no están y cuyas historias, de alguna manera, también han estado ausentes.</p>



<p>“Mujeres escriben a mujeres” es el lema de este homenaje epistolar. Este 11 de septiembre hemos reunido 27 cartas destinadas a 19 víctimas, que recuerdan a estas mujeres que ya no están presentes entre nosotras, cuyas historias personales vuelven a vivir en este espacio virtual denominado <strong>“Epistolaria de la Memoria 2021”.</strong></p>



<p>Con estas escrituras, la Red de Actrices de Chile, creadoras, dramaturgas, directoras, actrices de todo Chile, en un trabajo colectivo y sensible, crearon 28 relatos audiovisuales que tendrán como principal protagonista las palabras plasmadas en la epístola, su temperatura, su ausencia y su significado simbólico; la recuperación y permanencia de la memoria. Las cartas son ahora pequeños mundos audiovisuales cargados de poesía, en los cuales participan actrices de diferentes edades, corporalidades y territorios, construyendo un puente entre las memorias intergeneracionales.</p>



<p>Tal como en la versión 2020 de Epistolario de la Memoria, una plataforma virtual alojará estas “cartas vivas” y una puesta en escena digital invitará a las personas de todo el mundo a conocer estos relatos personales.</p>



<p>La invitación está hecha: construyamos una <strong>“Epistolaria de la memoria”,</strong> un tributo a las mujeres que no vamos a olvidar.</p>

<p>Año 2021. La pandemia no cede y la precarización social se profundiza y se hace visible cada día más. La posibilidad de una nueva Constitución es la esperanza de que [&hellip;]</p>
